= 6 - 6. Give r(u).
4
Suppose 0 = 3*n - 5*g + 31, 0 = 5*n + 2*g - 8 + 39. Let w(q) = -q - 9. What is w(n)?
-2
Let l be (-16)/(-12)*(-3)/(-2). Let s = -22 + 10. Let b be l/s - (-23)/(-6). Let j(u) = -u**3 - 3*u**2 + 4*u - 5. Give j(b).
-5
Suppose -4 = -18*l + 14*l. Let o(b) be the first derivative of b + 2. Let i(s) = -s**2 + 3. Let q(v) = i(v) - 2*o(v). Determine q(l).
0
Let r be (30/24)/(2/(-8)). Let t be 9/r + (-2)/10. Let m(v) = v**3 + 5*v**2 + 3*v + 1. Calculate m(t).
7
Suppose 3*u = -u - 5*f + 4, -16 = -4*f. Let j be ((-2)/(-2))/(u + 5). Let m(o) = -4*o + 1. What is m(j)?
-3
Let f(k) = -2*k - 2. Let w(z) = -4*z - 5. Let x be (-2)/(1 + 1/(-3)). Let h(t) = x*w(t) + 7*f(t). Calculate h(3).
-5
Let p(y) = -y - 2. Suppose -3*a + 37 = 5*r, 2 - 7 = -r. Let z = 4 - a. Determine p(z).
-2
Let d(h) = -7*h**2 + 14*h - 15. Let b(s) = -6*s**2 + 13*s - 14. Let i(w) = -6*b(w) + 5*d(w). Give i(6).
-3
Let w(u) be the third derivative of u**5/60 - u**4/12 - 7*u**3/6 + 2*u**2. Let h(c) = 2*c - 10. Let r be h(7). Let d be (-5)/(-2*2/r). Calculate w(d).
8
Suppose -2*c + 4*c = 12. Let a(r) = -2 - 8*r + r**3 + 5*r**2 - 9*r**2 + 4*r**2 - 5*r**2. What is a(c)?
-14
Let n = 60 + -63. Let m(g) = g**2 - 4*g - 3. Determine m(n).
18
Let r be 4/(32/6)*4. Let b(t) = -6 - 6*t + r + 7*t. Determine b(-4).
-7
Let w(a) = 8*a - 5. Let j(b) = 8*b - 4. Let v(y) = -4*j(y) + 3*w(y). What is v(-2)?
17
Let u(h) = h**3 - 4*h**2 - 4*h + 2. Suppose 5*s - s + 3*r + 65 = 0, 0 = -3*s + 4*r - 55. Let x be (-4)/(-22) - 134/11. Let l = x - s. Calculate u(l).
7
Let z(s) be the first derivative of 8*s + 5/3*s**3 + 5/2*s**2 - 1/4*s**4 - 1. Determine z(6).
2
Let y(f) = -f**3 + 9*f**2 - 9*f + 9. Let l = 10 - 2. Let v be y(l). Let b(p) = -8*p**3 - p**2 - p + 1. Calculate b(v).
-9
Let s(x) = -3*x**2 + 2*x + 1. Suppose 0 = -6*p + 1 - 7. What is s(p)?
-4
Let l(q) = -q**3 + 4*q**2 - 1. Let x(i) be the third derivative of -i**6/120 + 7*i**5/60 - i**4/6 - 4*i**3/3 + 2*i**2. Let m be x(6). Calculate l(m).
-1
Let a(o) = -o**2. Let c(q) = 2*q - 8. Suppose 4*w + 0*w = -b + 18, -w = 3*b - 10. Let h be c(w). Determine a(h).
0
Let z(y) be the second derivative of y**6/180 - y**5/120 + y**4/12 - 3*y. Let v(d) be the third derivative of z(d). Give v(1).
3
Let y(s) = 5*s**3 - 8*s - 3. Let h(x) = 2*x**3 - 3*x - 1. Let k(d) = -8*h(d) + 3*y(d). Let u(v) = -v**2 - v. Let r be u(0). Calculate k(r).
-1
Let l(z) = -z**2 + z - 23. Suppose 4*i = i - 4*m - 12, 2*i + 3*m + 9 = 0. Give l(i).
-23
Let k(p) = p**2 + 6*p + 3. Let y be 2 - 1 - 0/(-2). Let s = y + -1. Suppose 0 = -m - s*m - 4. Calculate k(m).
-5
Suppose 0 = 2*k + 2*f + f - 1, 0 = 2*k - 3*f - 7. Let q(v) = -v**2 - 3 - k*v - 1 + 5. Determine q(2).
-7
Let r(m) = 2*m - 12. Let l be r(8). Suppose -l*c = -13 - 7. Let j(s) = 3*s - c*s + 0*s + 4. Give j(4).
-4
Suppose -5*d - 2*j + 4 + 5 = 0, 2*d - 9 = j. Let w(q) = q**3 - q**2 - 2*q - 2. Determine w(d).
10
Let u(o) = o**2 - 9*o - 6. Let k be u(10). Let t = -2 - k. Let i(g) = g**3 + 7*g**2 + 10*g + 9. Determine i(t).
-15
Let s(d) = -2*d + 1. Suppose q + 6 = -0*q. Let l be (27/q)/((-3)/2). Calculate s(l).
-5
Let w = -7 - -12. Let a(l) = 1 - 3 + l**3 + w*l**2 - 1. Let z = -4 + -1. Determine a(z).
-3
Let p(n) = -1 + 3*n - 4*n + 12*n**2 - 13*n**2 - 2*n. Determine p(-3).
-1
Let o be ((-74)/(-10) + (-2)/5)*1. Let n(u) = u**3 - 6*u**2 - 9*u + 8. Determine n(o).
-6
Let p(s) = -s**3 + 7*s**2 - 5*s - 5. Let o be 2/(-1) - (-1 - -13). Let c = o - -20. Let a be p(c). Let d(t) = -4*t**3 - t**2 + 1. Calculate d(a).
-4
Let l(f) be the first derivative of f**2/2 + f - 16. Determine l(0).
1
Suppose 5*r + 3 = 2*b, 5*r + 18 = 5*b + 3. Let w(p) = 0*p + b - 4*p + 5*p. Determine w(-5).
-1
Let c(b) = 3*b + 0*b - 4*b. What is c(-5)?
5
Let f(b) be the third derivative of -b**5/60 - b**4/12 + 3*b**2. Let v = -32 + 18. Let w be 52/(-14) + 4/v. What is f(w)?
-8
Let y(w) = w**3 - 4*w**2 - 5*w - 5. Let o be y(5). Let r(p) = -p**2 - 5*p + 4. What is r(o)?
4
Let f(v) = 0*v**2 - v - v**2 + 1 - v. Let o be 4/18 + 38/(-9). Let k(z) = z**3 + 3*z**2 - 5*z - 6. Let x be k(o). Determine f(x).
1
Let n(g) = g - 1. Let y be n(4). Let r(m) = -2 - 3*m + m + y*m - 2*m. Give r(2).
-4
Let q(y) be the third derivative of 8*y**2 + 0 - 1/24*y**4 + 0*y + 1/6*y**3. Give q(1).
0
Let b(m) = m - 1. Let y(t) = 5*t - 2. Let p(l) = 4*b(l) - y(l). Let o(i) = -1. Let d(h) = 6*o(h) - p(h). What is d(3)?
-1
Let q(l) be the third derivative of -l**6/120 + l**5/60 - l**4/24 - l**3/6 - l**2. Let f = 8 + -5. Suppose -2*x = 2*s, 0 = x + f*s - 5*s. What is q(x)?
-1
Suppose 85*o = 86*o - 8. Let w(u) = -u**3 + 8*u**2 + 3*u - 9. Calculate w(o).
15
Let b(a) be the third derivative of -a**5/60 - a**4/6 - a**3/6 + a**2. Let r = -13 - -20. Let w = -10 + r. Determine b(w).
2
Let f(g) = -4 - g + 4 + 3. Determine f(-4).
7
Let u(h) be the third derivative of h**6/120 + h**5/10 - h**4/3 + h**3/6 - 35*h**2. Calculate u(-7).
8
Let s = 13 + -13. Suppose l + 5 = -s*l. Let b(k) = k**2 + 4*k + 2. Determine b(l).
7
Let t(v) be the third derivative of -v**4/12 + 4*v**3/3 + 2*v**2. Let a be t(7). Let m(p) = -p**2 - 6*p + 3. Give m(a).
3
Suppose 3*l = l + 10. Let h(m) be the first derivative of m**4/4 - 4*m**3/3 - 5*m**2/2 + 5*m + 4. Determine h(l).
5
Let o(c) be the third derivative of 1/30*c**5 + 2*c**2 + 0 + 0*c + 0*c**4 + 0*c**3 + 0*c**6 - 1/5040*c**7. Let w(i) be the third derivative of o(i). Give w(4).
-4
Let m(x) = 6*x**2 + 0 + 4 + 1 + x**3. Suppose -7*v = 12*v + 114. What is m(v)?
5
Let b(y) be the first derivative of -y**5/60 + y**4/3 - 7*y**3/6 - 5*y**2/2 - 6. Let k(j) be the second derivative of b(j). Determine k(5).
8
Let l(k) = k**2 + 8*k + 5. Let c(t) = -3*t**2 + 3*t - 7. Let z(y) = -y + 1. Let p(w) = c(w) + 5*z(w). Let r be p(-2). Let v = 4 + r. Give l(v).
-7
Let z be (7 + -3)/(-4) + 4. Let h(f) = 4 + 7*f - 6*f**2 - 5 - 4 + f**z + 0*f**3. Calculate h(4).
-9
Suppose 27*v + 32 = 11*v. Let b(d) = -d**3 + 4*d**2 + 4*d + 3. Determine b(v).
19
Let z(a) be the first derivative of -a**4/4 + 7*a**3/3 + 4*a**2 - 3*a - 25. Give z(8).
-3
Let g(f) = 2*f - 3. Let b be (2/(-1))/(7/(-91)). Suppose b = 4*o + 2*l, -o - 4*l + 3*l + 8 = 0. Give g(o).
7
Let g be (-8)/(-6)*(-6)/(-4). Let b = 10 - 8. Let o(p) = -3 + 4*p**b - p**3 + 0 + p + g. Determine o(4).
3
Let n(k) = -3*k - 16. Let m(p) = 4*p + 17. Let l(i) = 2*m(i) + 3*n(i). Give l(-7).
-7
Let q = -19 - -12. Let f(g) = -g**2 - 9*g - 10. Determine f(q).
4
Suppose -k + 5 = -0*k. Let i(z) = z**2 - 6*z - 2. What is i(k)?
-7
Let r(m) = m**2 - 3*m - 3. Let i(l) = 6*l - 3. Let b be i(1). Determine r(b).
-3
Let b be 13 - (4 + (-6 - -3)). Suppose 0*z + 3*z + 32 = 5*h, 2*h + 5*z + b = 0. Let s(q) = 2*q - 6. Give s(h).
2
Let m(r) be the first derivative of -4*r**3/3 + 7*r**2/2 - 6. Let y(i) = 5*i**2 - 8*i. Let c(j) = 4*m(j) + 3*y(j). Let q = -6 + 11. What is c(q)?
-5
Suppose 0 = -5*w + w - h - 25, -5*h = -3*w + 10. Let o(v) = -v**3 - 5*v**2 + 5. What is o(w)?
5
Let j = -7 + 12. Suppose -j = -3*r + 25. Suppose -4*m + 9*m - o = r, 23 = -2*m - 5*o. Let f(t) = 6*t**3 - t + 1. Determine f(m).
6
Let o(c) = 1 + 5*c - 3 - 7*c + 0*c. Suppose -3 = -2*p + 1. Calculate o(p).
-6
Let y(i) be the first derivative of -i**3/3 - i**2 - i - 17. Calculate y(-3).
-4
Let o be (-14)/(-8) - 2/(-8). Let u = 23 + -23. Let g(t) = u - 1 + 0*t**2 + o*t**2. Give g(-1).
1
Let a(q) be the first derivative of -2*q**3/3 + 3*q**2/2 - 7. Determine a(4).
-20
Let o(q) = q**3 + 7*q**2 + 7*q + 1. Let y(u) = u**3 + 4*u**2 + u - 2. Let f be y(-4). Calculate o(f).
-5
Let l(o) be the second derivative of -o**3/6 + 5*o**2 + 8*o. Determine l(0).
10
Suppose 1 = m + z + 9, m + 3*z + 14 = 0. Let s(f) be the third derivative of 0*f - 1/6*f**3 - 1/24*f**4 + 0 + f**2. Give s(m).
4
Let q = 2 + 0. Let b(u) = -4*u + 3. Let d be b(q). Let j(l) = -2*l**2 + 5*l + 3*l**2 - 2 - 2. Give j(d).
-4
Let f(t) = -t. Let c(y) = -3*y - 1. Let w(h) = c(h) - 5*f(h). Suppose 0 = -4*s - 2*v + 24, -5*v + 3*v - 4 = -3*s. Determine w(s).
7
Let z(l) = 11*l + 3. Let y(q) = -5*q - 1. Let u(v) = -9*y(v) - 4*z(v). Let g = -6 + 9. Suppose 3*b - 9 - g = 0. Give u(b).
1
Let k(n) = -n**3 + n**2 + 6. Let a be k(0). Suppose 0 = -a*h + 2*h. Let z(g) be the first derivative of g**2/2 + 1. Calculate z(h).
0
Let w(k) = 2*k + 1. Let a be w(0). Let o(i) = 13*i**3 